 - -11163. Let k be 1 - (2 + (0 - 2)). What is the highest common divisor of k and t?
1
Let t be (1071/18)/17*344/28. Calculate the greatest common factor of t and 8213.
43
Suppose 0 = -4*r, -3*r - 46 = -4*f + 34. Let j be ((-220)/(-14))/(-13 - (-549)/42). What is the highest common divisor of j and f?
20
Let k = -8834 + 9522. What is the highest common divisor of 1075 and k?
43
Let m be 1*(-16)/40*5. Let k be (15/m)/((510/(-40))/17). Calculate the highest common divisor of k and 6.
2
Let c = -413 - -299. Let o be 5 + (100/30)/((-4)/c). What is the highest common factor of o and 150?
50
Suppose -2*u + 105 = 5*p, 5*u + 4*p = 4*u + 45. Let z = u - -187. Suppose 0 = -49*a + 1127 + 245. Calculate the highest common divisor of a and z.
28
Suppose 30 = 70*c - 65*c. Let b be 0 + c/2 + 2. Suppose -b*t + 210 = -4*l, 2*l = -3*t + l + 109. Calculate the greatest common divisor of t and 152.
38
Let r(f) = -3*f**2 - 13*f - 24. Let g be r(-7). Let y = -56 - g. Calculate the highest common factor of 20 and y.
4
Suppose 145*c - 131*c = 2352. Let t = c - 150. Calculate the highest common divisor of 18 and t.
18
Let a be (5 - 6)*(3 + -48 + -2). What is the greatest common divisor of 752 and a?
47
Let a be -2 + (-4 - 0) + 6. Suppose a = 2*v - 5*k - 975, -11*v + 1983 = -7*v + k. What is the highest common divisor of 11 and v?
11
Let k be 208/6*(-4)/(24/9)*-1. Calculate the highest common divisor of 19084 and k.
52
Suppose -29*c + 247 = -101. Let l be (-256)/4*(10 - c). Calculate the highest common factor of l and 8.
8
Let r(b) = 1828*b - 3842. Let w be r(3). What is the greatest common factor of w and 4?
2
Let h = 17 - 15. Let o be (-828)/(-44) + h/11. Suppose -5*g + 46 = -o. What is the highest common divisor of g and 52?
13
Suppose -210 = -89*v - 14*v - 2*v. Calculate the greatest common divisor of v and 2396.
2
Suppose -1697*a + 1630*a + 33969 = 0. Calculate the highest common factor of 624 and a.
39
Let m be ((-542)/(-6) + 5)/(2/6). Suppose 668 - 272 = 9*u. Calculate the highest common divisor of u and m.
22
Let j be -9 + (-2565)/63 + (-8)/28. Let w(f) = f**2 + 2*f + 1. Let z be w(-2). Let n be z/(2/j*-5). Calculate the highest common factor of 20 and n.
5
Suppose 0 = 6*r - 22 - 62. Suppose 3*q - 497 = r*f - 13*f, -5*q = f - 823. What is the highest common divisor of 11 and q?
11
Suppose s + 1053 = 5*n - s, 0 = 2*s + 8. Suppose 2*j - 8 = -5*o, o + 1 - 5 = -j. Suppose o = -19*m - 2*m + 399. Calculate the greatest common factor of m and n.
19
Let z(h) = h - 21. Let n be z(27). Suppose 0 = -3*w + l + 319, n*w - 4*l - 110 = 5*w. Calculate the greatest common divisor of w and 583.
53
Let z = -44 - -448. Suppose 409*v - 810 = z*v. Calculate the greatest common factor of v and 54.
54
Let t(k) = 3*k**2 + 55*k + 29. Let i be t(-18). Let n be 8 + -14 - (1 - 326). What is the highest common factor of n and i?
11
Let p(s) = 32*s**2 + 48*s - 18. Let a be p(5). What is the highest common divisor of a and 28?
14
Let y(f) = -2*f**3 - 3*f**2 - 5*f + 390. Let c be y(0). What is the highest common factor of 930 and c?
30
Suppose 0 = -0*b - 3*b + 9. Let c = b - -4. Suppose 3*q - 324 = -5*i, -i + 32 + 37 = 2*q. What is the highest common factor of c and i?
7
Let s = -111 - -351. Suppose 0 = -5*h + 30 + s. Suppose -4*a = -2*o + h, 90 = 8*o - 3*o + 5*a. What is the highest common factor of 168 and o?
21
Suppose -5*r + 775 = 5*g, -15 = 399*g - 396*g. Calculate the highest common divisor of r and 6880.
160
Suppose -11*d - 2758 + 7817 = -2696. What is the highest common factor of 10 and d?
5
Let m be 4/2*75/50. Suppose 0 = -b + 2*b - 1, -m*b = 2*u - 75. Calculate the highest common factor of u and 27.
9
Let d(b) = 28*b**3 + 2*b**2 + b + 6. Let f = 88 - 85. Let p be d(f). Calculate the highest common factor of 29 and p.
29
Let w = -206 - -202. Let i be (-2)/w*(-7 - -39). What is the greatest common divisor of i and 344?
8
Let n = 13886 + -13859. What is the highest common divisor of n and 1683?
9
Suppose 59*h + 120560 = 407300. What is the greatest common factor of 150 and h?
30
Let g = -50 - -53. Let v be (2/g)/((-5)/10)*-222. Let w(q) = 3*q + 37. Let y be w(0). What is the greatest common divisor of v and y?
37
Suppose 5*u = 14*u + 45. Let d(o) = -55*o - 10. Let h(m) = -5*m - 1. Let w(p) = 6*d(p) - 65*h(p). Let i be w(u). What is the highest common divisor of i and 15?
15
Suppose -4*u - 4*p + 20 = 0, 0 = -u - u + 2*p + 2. Calculate the greatest common divisor of 232 and u.
1
Suppose 0 = s + 18 + 62. Let r = s + 7. Let b = -66 - r. What is the highest common divisor of 63 and b?
7
Let w = 123 + -114. Let q be w/(((-3)/21)/((-2)/14)). What is the greatest common factor of 42 and q?
3
Suppose 4*j + p + 403 - 2113 = 0, -6 = -p. What is the highest common divisor of 6 and j?
6
Let l(o) = o**3 + 13*o**2 + 3*o - 17. Let p be l(-13). Let c = 59 + p. What is the greatest common factor of 6 and c?
3
Let q = 0 + 154. Let v = -1403 - -1417. Calculate the greatest common factor of q and v.
14
Let o be 1/(2/1974*7899 - 8). Let c(j) = -j**3 + 8*j**2 + j - 1. Let u be c(8). What is the highest common factor of u and o?
7
Suppose -6*b = -b + 15. Let r(q) = 4*q**2 - q - 1. Let d be r(b). Suppose 6*n + 18 = 0, 6*k + 4*n = 5*k + 7. What is the greatest common divisor of d and k?
19
Let t(r) be the third derivative of -14*r**2 + 1/6*r**3 - 1/12*r**4 + 5/12*r**5 + 0*r + 0. Let l be t(1). What is the highest common factor of l and 12?
12
Let d be 6/81*-3 - (-374)/(-99). Let x be ((-46)/3)/(d/78). What is the highest common factor of x and 23?
23
Let j = 1295 - 1218. What is the highest common divisor of 11 and j?
11
Let a = -90 - -101. Suppose -5*j = -5*w - 1840, -w = -5*j + 2016 - 176. Suppose -8 = 2*z, -z + 100 = -4*b + j. What is the highest common divisor of b and a?
11
Let u(w) = -w**3 + 34*w**2 + 113*w - 26. Let o be u(37). What is the greatest common factor of o and 3780?
12
Let v be (-1 + -1)/((-3)/60). Suppose f + 5*t = 4*f - 225, -f = 5*t - 55. Calculate the greatest common factor of f and v.
10
Suppose 8*l - l = 154. Suppose -l*c + 25*c = -24. Let x be ((-2)/c)/(-1) - 9084/(-48). Calculate the greatest common divisor of 21 and x.
21
Suppose 46*v = 5*j + 42*v - 3343, -3*v = -3*j + 2007. What is the greatest common divisor of 414 and j?
23
Suppose 2*b - 3*a + 366 - 432 = 0, -3*b - 3*a + 54 = 0. Calculate the highest common factor of 7404 and b.
12
Let d = 488576 - 488486. Let h = 1846 - 1081. What is the highest common divisor of d and h?
45
Let h(l) = -119*l + 2359. Let s be h(19). What is the greatest common factor of 2793 and s?
49
Let n be ((-648)/(-20))/((-2)/(-5)). Suppose 2*b = b - 3*k + 27, 0 = k - 3. What is the greatest common factor of n and b?
9
Suppose -92 - 236 = -82*k. Suppose 0 = -3*i + 214 - 58. What is the greatest common divisor of i and k?
4
Let b be (-74)/703 + (-458)/(-19). Let t(o) = -4*o + 1. Let d be t(3). Let c = b + d. What is the highest common divisor of c and 52?
13
Suppose -3*i = 4*s - 18, 2*s = 5*i - 2*i. Suppose -i*m - 3 = -m, -3*a - 4*m = 36. Let q be (a/3)/((-10)/75). What is the greatest common factor of 140 and q?
20
Let b = -51 + 226. Suppose 3*j + k + 60 - b = 0, -j - 5*k = -29. What is the greatest common factor of j and 2?
1
Let b = 224 - 166. Let x = b + -26. Calculate the highest common divisor of x and 256.
32
Suppose 46*o + 28*o - 12897 = -1131. What is the highest common factor of 53 and o?
53
Let p = 213 + -171. Let u = p + 48. What is the greatest common factor of 80 and u?
10
Let y(c) = -c**3 + 22*c + 58. Let v be y(-4). What is the greatest common factor of 4131 and v?
17
Suppose 112*c = 51*c + 8967. Suppose 5*z = -4*p + 1968, 5*p = -z + 5*z - 1558. What is the highest common factor of c and z?
49
Let m(n) = 6 + 7 + 2 + 147*n. Let z be m(3). Suppose 4*g - i - 446 = 0, -2*i + z = 4*g + 2*i. Calculate the greatest common factor of 14 and g.
14
Let m be (12/(-48))/((-2)/112) - 7. Let t(k) = k - 1. Suppose 0 = s - 0*s - 8. Let a be t(s). What is the highest common divisor of a and m?
7
Let c(y) = 4077*y**3 + 2*y**2 - 31*y + 28. Let n be c(1). What is the greatest common divisor of n and 4?
4
Suppose y - 57 = -12. Suppose 71*o + 134*o - 21525 = 0. Calculate the greatest common divisor of y and o.
15
Suppose 2*b - 3*v - 96 = 367, -2*b + 5*v + 457 = 